2, 29
Let z(r) = -r**2 - r + 12. Let s be 2/(-11) + 4/22. Let u be z(s). Suppose 0 = -3*a + 2*a + u. What are the prime factors of a?
2, 3
Let v(d) = -d**3 - d**2 + 3*d - 7. List the prime factors of v(-4).
29
Let v = -3 + 6. List the prime factors of (-1)/1 - (-18)/v.
5
Suppose 5*y = 122 + 48. List the prime factors of y.
2, 17
Suppose 2*t - 521 = -89. What are the prime factors of t?
2, 3
Let t = -2 + 4. Suppose 4*y + 4*q = 32, 43 = 4*y + t*q + 5. What are the prime factors of y?
11
Let s = -4 - -9. Suppose a - 3*q - 6 = 0, 10 = 4*a - 0*a - s*q. Suppose a = 5*p - 10, -5*l + 4*p + 14 = -3. List the prime factors of l.
5
Suppose 10 = 2*l - 2. Suppose -4*n + l*n = 78. List the prime factors of n.
3, 13
Suppose -3 = z + 2*u, -2*z - 5 = 3*z + 5*u. Suppose -1 = -a + 1. What are the prime factors of -5*(a*-1 + z)?
5
Suppose 10*r - 5*r + 1 = -3*t, 4*r = 4*t - 52. Suppose -4*k = -0*k - t. Suppose -2*m - k*m = -24. List the prime factors of m.
2, 3
Let l = 101 - 38. List the prime factors of l.
3, 7
Let m = 516 - 328. List the prime factors of m.
2, 47
Let l = -5 + 8. Suppose 0 = -l*i + 3 - 69. Let m = -15 - i. What are the prime factors of m?
7
Let n(d) = -d**3 + d**2 + d + 2. Let b be n(0). Suppose 4 + 4 = b*u. Suppose -a - 3*f = -24, -2*a - u*f + 3*f = -23. What are the prime factors of a?
3
Suppose -3*d = -2*b + 25, -101 + 22 = -5*b + 2*d. What are the prime factors of b?
17
Suppose -11 = -5*p + 14. Suppose -15 = -p*b + 2*b. List the prime factors of b.
5
What are the prime factors of 20 + -1 - (-2)/2?
2, 5
Let m(y) = -2*y - y - 2 + 3*y**2 + 2*y. List the prime factors of m(4).
2, 3, 7
Suppose -3*k - 59 = -4*i, 2*i + 2*i + 2*k - 54 = 0. Let o = -31 - -32. What are the prime factors of (o + i)/3 + 0?
5
Let s(x) = x**3 + x - 2. Let a be s(0). Let q(r) = -2*r. Let l be q(a). Suppose -3*v + 18 = 2*i, -l*i - 2*v + 0 = -20. What are the prime factors of i?
3
Suppose d = t - 3*t + 246, 5*t - d - 608 = 0. What are the prime factors of t?
2, 61
Let i be 0 - (3 - (-15)/(-3)). Suppose i = -3*l - 43. Let m = -6 - l. What are the prime factors of m?
3
Let x(c) = c**3 - 6*c**2 + 2. Let k(p) = 2*p**2 - 2*p + 2. Let g be k(2). What are the prime factors of x(g)?
2
Let r = 5 + -1. Suppose r*s + 2 + 6 = 2*v, -4*v - 4*s + 16 = 0. List the prime factors of (40/25)/(v/10).
2
Suppose 4 = -q - 1. Let a = q - -7. Suppose -a*s = s - 6. What are the prime factors of s?
2
List the prime factors of 26/10 + (-8)/(-20).
3
Let v = -27 - -113. What are the prime factors of v?
2, 43
Let t be 0 - (-2)/((-6)/(-45)). Suppose -5*u + 5 = -t. What are the prime factors of u?
2
Let w = 8 + -7. What are the prime factors of w + 7 - (-4 - -7)?
5
Suppose 12*j = 1485 + 195. List the prime factors of j.
2, 5, 7
Let d(w) = 18 + 0*w + 2*w - w + 0*w. Let s be d(0). Suppose -6*x + s = -4*x. List the prime factors of x.
3
Suppose r - 34 = -f, r = 2*f - 79 + 17. What are the prime factors of f?
2
Let p be -2*((-3)/(-6))/1. Let a = 4 + p. What are the prime factors of 3 - a/9*0?
3
Suppose -3*u + 41 = -58. What are the prime factors of u?
3, 11
Let i = 89 - 54. Suppose -5*q - 123 = 4*s, -s = -5*q + 29 - 142. Let o = q + i. What are the prime factors of o?
2, 3
Suppose 0 = -v - 20 + 8. Let t = 4 - v. What are the prime factors of t?
2
Suppose 0*n + 623 = 5*n - 4*s, 2*n - s = 248. List the prime factors of n.
3, 41
Let t = -561 - -895. List the prime factors of t.
2, 167
Let l = -89 - -148. List the prime factors of l.
59
Suppose -3*a + 101 + 19 = 0. Suppose 2*m - 24 = a. What are the prime factors of m?
2
Let d(v) be the third derivative of 0 - 1/60*v**5 + 0*v - 1/3*v**4 + 1/6*v**3 - 2*v**2. List the prime factors of d(-7).
2
Let c(y) = 7*y. Let u be c(-1). Let o(j) = 3*j + 7. Let v be o(u). List the prime factors of 4/v + (-158)/(-14).
11
Let j be ((-15)/(-10))/((-6)/8). Let o be (7 + -7)/(j - 0). Suppose o*v + 20 = 5*v. List the prime factors of v.
2
List the prime factors of (-3)/(-12) + (-287)/(-4).
2, 3
Suppose l - 3*l + 27 = -3*n, n + 69 = 4*l. Let s be 45/(-2)*(-24)/l. Let a = s + -17. List the prime factors of a.
13
Let z be 0/(-2 + 5) + 3. Suppose -k - 3 = -5*x + 5, z*k - 2*x = 2. Let v(o) = 4*o - 2. What are the prime factors of v(k)?
2, 3
Let x(a) be the third derivative of -a**6/120 - a**5/20 - a**4/12 + a**3/2 + 5*a**2. List the prime factors of x(-4).
3
Let z(g) = g + 10. Let y be z(-7). Let b be (-2 - -2 - y) + 4. What are the prime factors of ((-3)/b)/(1/(-5))?
3, 5
Let v = -6 - -6. Suppose -3*h + 20 + 20 = x, -5*x + 5 = v. List the prime factors of h.
13
Suppose -5*j + 22 = 2. Suppose x - 11 = -j. What are the prime factors of x?
7
Let l = 14 - 26. Let n = 2 - -17. Let h = n + l. What are the prime factors of h?
7
Suppose a + 3*f = -12, -3*a + f - 5 - 1 = 0. Let j = a - -3. Suppose 3*r + 2*v = 28, j = 4*v - 0*v - 20. What are the prime factors of r?
2, 3
Suppose -30 = -0*w - 3*w. Let i = 7 - w. Let a = -1 - i. List the prime factors of a.
2
Let q = 2 + -4. Let h(p) = -21*p - 2. Let k be h(q). Suppose a = -a + k. What are the prime factors of a?
2, 5
Let h be 0*2*(-3)/(-18). Suppose 3*j + n - 154 = h, j + 7*n = 4*n + 46. List the prime factors of j.
2, 13
Let a = 74 + -50. List the prime factors of ((-2)/(-4))/(1/a).
2, 3
Suppose 4*w - w + 171 = 2*l, 5*w = -4*l + 375. Suppose -3*j - l = -8*j. What are the prime factors of j?
2, 3
Suppose -2*y - 4*r = -40, -4*y - y + 61 = -3*r. What are the prime factors of y?
2, 7
Let k(u) = 34*u + 40. What are the prime factors of k(10)?
2, 5, 19
Suppose 2 + 0 = -y. What are the prime factors of y - -11 - (0 - 2)?
11
Suppose 0 = -3*l - j - 0*j + 76, 3*l - 2*j - 64 = 0. Let x = -4 - 8. Let a = x + l. What are the prime factors of a?
2, 3
Let g(q) = -4*q - 5. Let j be g(-2). Suppose n = j*n - 38. What are the prime factors of n?
19
Suppose 2 = 4*i - 10. Suppose 4*q - 4 = 0, i*q + 0*q = 2*r - 3. What are the prime factors of 12 + 2*(-3)/r?
2, 5
Let b(t) = 5*t**3 + 6*t**2 - 2*t. List the prime factors of b(3).
3, 61
Suppose 4*l = 4*m - 80, -3*l - 2*l - 4 = -m. What are the prime factors of m?
2, 3
Suppose -20 = -3*m - 5*p, p + p - 8 = 4*m. Suppose -q + 3 = -m. List the prime factors of q.
3
Let k be (-2)/(-9) - 64/(-36). Suppose 3*d = 0, -z - 5 = k*d + 4. Let w = z - -20. List the prime factors of w.
11
Let j be -7 + 7 - (-20)/2. What are the prime factors of (12/5)/(j/125)?
2, 3, 5
Let v(s) = s**3 + 23*s**2 - 54*s + 25. What are the prime factors of v(-25)?
5
Suppose 4*f = -s + 7, -3*s + f = -2*f - 21. List the prime factors of s.
7
Suppose -4*h + 3 = -17. Suppose 4*f = -5*x + 6, 4*f + 3*x - 4 = 2*f. Let s = h - f. List the prime factors of s.
2, 3
Let c(d) = -d**3 + 7*d**2 - 4*d - 1. Let m be (0 + -1)/((-2)/60). Suppose 3*s - 5*l - 18 = 0, l - 5*l = -5*s + m. List the prime factors of c(s).
11
Let u(i) = 3*i - 15. Suppose 2*f = 5*b - 56, f + 3*f = -5*b + 68. Let r = 22 - b. What are the prime factors of u(r)?
3, 5
Let b(o) = o + 11. Let y be b(-8). Let c = 2 + y. Suppose 4*i = -0*t + t + c, i = -5*t + 17. What are the prime factors of i?
2
Suppose -3 = -2*g + 7. Suppose 0*c = g*c. What are the prime factors of 6 + 0/(c - -1)?
2, 3
Let u be (-1 + -1)*(-2)/(-4). Let p = -4 - u. Let c = p + 10. List the prime factors of c.
7
Let g(z) be the second derivative of -z**4/12 + 5*z**3/6 + z**2/2 + z. Let u be g(4). Suppose u*n + m = 35, -n = 3*m + 1 - 8. List the prime factors of n.
7
Let y(a) = a. Let x(n) = -n**2 + 2*n + 4. Let b(f) = -x(f) + 4*y(f). List the prime factors of b(-5).
11
Let c = 357 - 139. List the prime factors of c.
2, 109
Suppose -2*x - x = -18. Suppose -n + x = -14. List the prime factors of n.
2, 5
Let k = -99 - -307. List the prime factors of k.
2, 13
Let c(g) = g**3 + 7*g**2 + 4*g - 6. What are the prime factors of c(-4)?
2, 13
Suppose z + 30 = 2*z. Suppose 20 = k + 4*k. Suppose k*o = 2 + z. What are the prime factors of o?
2
Suppose -5*o = -3*i + 27, -i + 9 = -3*o - 0*o. Let c be 6/(-21) - i/(-7). Let y = c + 3. What are the prime factors of y?
2
Let h = -9 + -9. Let w be h/(-4)*(-8)/(-12). Suppose -w*u + 26 = -1. What are the prime factors of u?
3
Suppose 3*d - 9 = 0, 4*h - 5*d + 2*d + 17 = 0. Let q = h - -13. What are the prime factors of q?
11
Let h(w) = 15*w + 31. What are the prime factors of h(13)?
2, 113
Let h = 272 - 51. Le